-10
Let c(r) be the third derivative of r**4/8 + 71*r**3/6 - 39*r**2 - 7. Give c(-24).
-1
Let n(s) be the first derivative of -s**2/2 + 3*s - 2750. Let u be 8/(-32) - 17/(-4). Suppose 6 - 30 = u*p. Determine n(p).
9
Let l(d) be the third derivative of 11*d**6/120 - d**5/60 - d**4/24 + 2*d**2 + 1191. Suppose 1 - 3 = 2*v. What is l(v)?
-11
Let k(h) = -6064*h**2 + 6060*h**2 + 5*h + 5*h - 1. Calculate k(4).
-25
Let b(m) be the third derivative of -m**5/12 - 17*m**4/8 - 5*m**3/2 - 3*m**2 + 842*m. Determine b(-10).
-5
Let h = -349 + 346. Let m = h + 3. Let p(r) = r + 14. Give p(m).
14
Let s(f) = -1 + f - f + 2*f - 2. Let g(d) be the second derivative of -d**3/2 + 2*d**2 - 5*d. Let u(p) = -3*g(p) - 4*s(p). Determine u(-1).
-1
Let u(o) = -o**3 - 6*o**2 + 10*o + 17. Suppose 282 = -47*l - 47. Calculate u(l).
-4
Let d(k) = 7 + k - 1 + 2. Let l be (-54)/(-36)*14/3. Suppose 2 = -3*g + 4*c, -6*g - 5*c = -l*g - 19. Determine d(g).
14
Let c(j) = 16*j**2 - 6*j - 20. Let a be c(-3). Let m(y) = 133*y - 5 + 4 - a*y. Determine m(-1).
8
Let p(j) = -j**3 + 6*j**2 + j - 1. Let m be 1112 + (-9)/3 + (4 - 8). Let q be (14 - m/78) + (-74)/(-12). Give p(q).
5
Suppose 3*i + 4*s = -26, 0 = 5*s + 4 + 6. Let x = -4 - i. Let p(o) be the first derivative of -5*o**3/3 - o**2 + 3*o + 207612. Calculate p(x).
-21
Let j(u) = 6*u - 215. Let s(h) = 5*h - 271. Let o(y) = -5*j(y) + 4*s(y). Give o(-2).
11
Let t(n) = 22 - 77*n + 55*n - 276*n**2 + 277*n**2. Give t(21).
1
Let i(o) = -8*o**3 + o**2 + 3*o - 1. Let k(d) = -14*d**3 + d**2 + 6*d - 2. Let b(v) = 5*i(v) - 3*k(v). Calculate b(-3).
-26
Let s(a) be the third derivative of a**6/120 + a**5/60 + a**4/24 - a**3/3 - a**2. Let b(h) = h**3 - 121*h**2 + 361*h - 828. Let q be b(118). Determine s(q).
-8
Let v(k) = -141*k + 96. Let l(w) = -88*w + 64. Let p(x) = -8*l(x) + 5*v(x). Give p(22).
-54
Let p = -30019 - -30043. Let z(g) = -8*g + 204. What is z(p)?
12
Let t be (0 - (-3)/(-7))*(31 + -38). Let p(y) = 3*y + 4*y - 8*y - t*y. Determine p(-5).
20
Let q(u) be the first derivative of -8*u**3/3 - 3*u**2/2 - u + 701. What is q(-3)?
-64
Let y(s) be the third derivative of 9*s**4/8 - 143*s**3/6 + 236*s**2. Let d be y(5). Let n(x) = x**3 + 8*x**2 - x - 10. Give n(d).
-2
Let u = 13 - 5. Let n(t) = u*t - t**2 + 2*t**2 + 0 + 3 + 3. Suppose 0 = 2*r - 3*c + 1, -3*c = -5*r + 19 - 35. Determine n(r).
-9
Let l(h) = h**3 + 28*h**2 + 49*h - 15. Let q(b) = -b**3 - 29*b**2 - 50*b + 12. Let x(m) = -3*l(m) - 2*q(m). Give x(-24).
-3
Let s(x) = x**3 - 6*x + 23. Let w(k) = -k**3 - k**2 + 5*k - 23. Let c(f) = -5*s(f) - 4*w(f). Calculate c(5).
2
Let x(j) = 24*j**2 - 3*j. Let w(v) = 124*v**2 - 17*v. Let g(c) = 2*w(c) - 11*x(c). Suppose -22 = -20*l - 2. Give g(l).
-17
Let i be (-15)/(-10) + 417/6. Let p = i + -71. Let b(t) = -t + 8 + 2 + 7 + p*t. Determine b(11).
6
Let a(j) = -2*j**3 + 13*j**2 - 4*j - 48. Let f be a(5). Let w(y) = 3*y - 30. Let o(d) = -d + 10. Let c(l) = 7*o(l) + 2*w(l). Determine c(f).
3
Let v(l) = l**3 - 4*l**2 - 2*l - 1. Suppose -11 = q - 2*z, -4*z + 24 = -4*q - 0. Let x be -1 + (-15)/(-5) - q. Let y be ((-40)/(-12))/2*x. Give v(y).
14
Let x be (-6)/36 + -1 + (-7)/(-6). Suppose -8*j - 7*j - 90 = x. Let f(b) = b + 5. Determine f(j).
-1
Let j(k) be the third derivative of k**4/8 - k**3 - 181*k**2. Let l(g) = -g**2 - 5*g + 7. Let c be l(-9). Let x = c + 34. Determine j(x).
9
Let r(g) = -70*g**2 + 60*g + 4. Let h be r(1). Let m(q) = -q**3 - 4*q**2 - 4*q - 6. Calculate m(h).
90
Let c(l) be the first derivative of -l**4/4 - 2*l**3 + 10*l**2 + 27*l - 6055. What is c(-8)?
-5
Let f(d) = 3*d + 2. Let v(k) = 4*k - 29. Let p(n) = -10*n - 9. Let b be p(-6). Suppose 2*a + q - 15 = 0, -3*a + 5*q + b = 9. Let w be v(a). What is f(w)?
23
Let o(x) be the first derivative of -x**3/3 + 22*x**2 - 294*x - 6587. Calculate o(8).
-6
Let x(j) = -17*j + 151 - 45 - 61 - 50. What is x(2)?
-39
Suppose -8*m - 42 = -26. Let w(f) = -5*f**2 + 5*f + 5. What is w(m)?
-25
Let l(z) = -z**2 - 31*z - 128. Let c be l(-5). Let g(f) be the first derivative of -2*f**3/3 - f**2/2 + 2*f - 84. Calculate g(c).
-8
Let m = -300 + 300. Let g(a) = 1030*a**2 - 2 - 1031*a**2 + m*a**3 + 2*a**3. Determine g(2).
10
Let l(o) = o**3 + 10*o**2 - 9*o + 8. Let v(d) = -3*d**3 - 22*d**2 + 19*d - 17. Let y(s) = -9*l(s) - 4*v(s). What is y(2)?
22
Let d(p) = -3*p + 7. Suppose -109*h = -36*h - 73. Calculate d(h).
4
Let i(t) be the second derivative of t**4/4 + t**3/6 - t**2/2 + 2*t. Let n = -72 - 29. Let m = 102 + n. Determine i(m).
3
Let m(f) = 2*f**2 - 2*f - 5. Suppose -5*c - 21 + 42 = z, -3*z + 12 = -2*c. Calculate m(z).
55
Let a(w) = 8*w + 16. Let t = 15300 + -15303. Determine a(t).
-8
Suppose 0 = 7*y - 8*y + 1. Let t(l) = -65*l + 67*l + 903*l**2 - 2 - 909*l**2. What is t(y)?
-6
Let q(x) be the second derivative of -x**4/24 - 2*x**3/3 - 97*x**2/2 + 3*x. Let y(m) be the first derivative of q(m). Determine y(-7).
3
Let r(v) = v**3 + 7*v**2 + 8*v + 6. Let x(k) = 1. Let y(d) = 3*d - 3. Let n(h) = 6*x(h) - 2*y(h). Let z be n(3). What is r(z)?
-6
Let n(y) = 2*y - 16. Let x(k) = -10*k + 78. Let q(t) = -29*n(t) - 6*x(t). Determine q(-1).
-6
Let t(n) = -4 + 9*n**2 + 1019*n**3 + 19*n - 411*n**3 - 2 - 607*n**3. What is t(-4)?
-2
Let c = -2583 - -2578. Let j(f) = -f**2 - 2*f - 1. Let t(g) = 2*g**2 + 4*g + 1. Let l(k) = -5*j(k) - 2*t(k). Calculate l(c).
18
Let n(f) = 69*f**2 + 2*f - 1. Suppose -8 = 4*i + 3*r, -2*i + 3 = 4*r + 17. What is n(i)?
70
Let c(i) = -i**2 + 23*i + 29. Let w be c(24). Let z be 17 + (-2)/(-1) - 1. Let o(u) = 5*u**2 + 12*u - z*u - 1 - 4*u**2. Calculate o(w).
-6
Let n(m) = 10*m**2 + 51*m + 1. Let l = 7660 - 7665. Calculate n(l).
-4
Suppose 54*a + 283 = 15*a + 868. Let w(h) = -6*h**2 + 89*h + 4. Determine w(a).
-11
Let s = -18 + 22. Let h(d) = -3*d - 2 + s*d**3 + 3*d**3 - 8*d**3 + 4*d**2. Let c = 1076 - 1073. Give h(c).
-2
Suppose 8*b + 54 = 10*b. Let w(u) = -u + 4. Let l be w(2). Let v(x) = 25*x**l - 2 - 2*x + 0*x - b*x**2 + 3*x. What is v(2)?
-8
Let j = 11 + -25. Let o(l) be the second derivative of -l**4/12 - 5*l**3/2 - 19*l**2/2 + 10*l. Calculate o(j).
-5
Let r(u) be the third derivative of u**6/720 + u**5/60 + u**4/24 + 19*u**3/3 + 6*u**2. Let w(l) be the second derivative of r(l). What is w(-1)?
1
Let k(c) = -c**2 + 5*c + 7. Let z = -58 - -45. Let x = z + 8. Let b(a) = a + 10. Let y be b(x). What is k(y)?
7
Let s(f) = -2*f. Let q(m) = -3*m. Let n(b) = -5*q(b) + 6*s(b). Let i(u) = -9*u**2 - 34 + 12*u + 25*u + 8*u**2 - 25*u. Let c be i(8). What is n(c)?
-6
Suppose 0 = 6*r - 487 + 1. Let g = r - 84. Let l(s) = s + 3. Determine l(g).
0
Let o = 3395 - 3400. Let d(c) = -c**3 - 6*c**2 - 12*c + 1. Give d(o).
36
Let h = 85 - 82. Let l(p) = -21*p**2 + 3*p - 17*p**2 + 39*p**2 - 3. Give l(h).
15
Let i(t) be the first derivative of t**4 - t**3/3 + t**2/2 - t + 11. Let v(p) = -23*p**3 + 2*p - 1. Let f be v(1). Let b = -21 - f. Give i(b).
3
Let w(i) = i**2 - 22*i + 3. Let p be w(22). Let r(d) = d**2 - 3*d + 1. Let h be r(3). Let o(a) = h + 4 + 10 - p - a. Calculate o(0).
12
Let r be (80/30)/(6/45). Let g be (55/r - 4)*-4. Let m(o) = 23 + 5*o - o**2 - 56 + 28. Calculate m(g).
-5
Let r(j) = j**3 + 12*j**2 + 11*j - 2. Let g(n) = -39*n**3 - 4*n**2 - 10*n - 2. Let s be g(-2). Let c = 303 - s. Give r(c).
-2
Let t be (103/(-5) + 1)/((-330)/19800). Let l = -1186 + t. Let i(x) = -6 - 6*x + x + 4*x. What is i(l)?
4
Let a(o) be the third derivative of o**4/8 - o**3/6 - 17*o**2. Let d be 31/(-11) + 52/(-286). What is a(d)?
-10
Let a = -356 + 358. Let s(j) = -292*j**2 + 144*j**a - 7 - 10*j + 147*j**2. Give s(-9).
2
Let j(h) = -h**2 + 85*h - 482. Let o be j(6). Let r(x) = -x**3 - 8*x**2 + x - 6. Give r(o).
-14
Let u(x) be the third derivative of x**6/120 - x**5/10 - 7*x**4/24 - 5*x**3/6 - x**2. Suppose -5*a + 2*k + 45 = 0, -141*k = -142*k - 5. Calculate u(a).
-5
Suppose 88*v - 83*v + 2*a + 2 = 0, 5*v = -3*a - 8. Let h(l) = -3*l**2 + 3*l. What is h(v)?
-6
Suppose -2282 = -822*s + 659*s. Let d(f) be the third derivative of f**4/12 - 19*f**3/6 - f**2. Determine d(s).
9
Let l(q) = -q**3 + 36*q**2 - 133*q + 1119. Let v be l(33). Let b(y) = y**3 + 5*y**2 - 3*y - 22. Give b(v).
5
Let m(l) = -2*l**3 + 3*l**2 + 12. Suppose 196 = -8*h + 7*h + 50*h. What is m(h)?
-68
Suppose -17*l = 13*l - 121 - 29. Let p(w) = -w**2 + 3*w + 3. Determin